t d(c) = c**3 + 12*c**2 + c + 86. Determine d(-14).
-320
Let h(t) = -44*t + 260. Determine h(6).
-4
Let w(i) = -4*i**2 + 308*i - 304. Give w(76).
0
Let b(i) = -76*i**2 - 7*i - 5. Give b(-1).
-74
Let m(c) = 26948*c + 161680. Give m(-6).
-8
Let h(m) = -14*m - 1018. Calculate h(-32).
-570
Let v(c) = -9*c - 187. What is v(-16)?
-43
Let g(b) = -240*b**2 + 1190*b + 56. What is g(5)?
6
Let j(t) = 10*t + 412. Calculate j(-58).
-168
Let s(c) = -c**3 + 6*c**2 - 39*c + 135. Determine s(5).
-35
Let p(l) = l**3 + 3*l**2 - 33*l + 14. Give p(-10).
-356
Let s(n) = -n**3 + 11*n**2 - 24*n - 21. Give s(3).
-21
Let p(i) = 16*i**2 - 112*i - 354. What is p(-3)?
126
Let a(c) = c**2 + 31*c + 84. Determine a(-16).
-156
Let f(r) = -91*r + 238. Give f(5).
-217
Let r(i) = 41*i + 293. What is r(-10)?
-117
Let i(q) = 3*q**3 - 4*q**2 - 4*q + 7. What is i(-2)?
-25
Let c(w) = 41*w - 480. Calculate c(12).
12
Let w(n) = -n**2 - 24*n + 204. Give w(0).
204
Let z(l) = -l**2 + 43*l - 104. Determine z(27).
328
Let i(w) = -38*w + 6693. What is i(174)?
81
Let q(o) = -6*o**3 - 84*o**2 + 202*o + 172. Give q(-16).
12
Let b(c) = 87*c - 4. Determine b(0).
-4
Let k(d) = d**3 - 18*d**2 - 8*d - 29. Give k(19).
180
Let a(z) = 5*z**2 + 5*z + 10. Calculate a(2).
40
Let k(c) = -240*c - 9577. Calculate k(-40).
23
Let a(m) = -m**3 - 40*m**2 + 121*m + 1520. Determine a(-42).
-34
Let z(k) = 7*k**2 - 69*k + 210. Determine z(18).
1236
Let y(a) = 1467*a + 343272. What is y(-234)?
-6
Let v(m) = -m**3 + 50*m**2 - 8*m - 40. Give v(50).
-440
Let q(v) = 8*v**2 + 354*v + 3906. What is q(-21)?
0
Let p(o) = -75*o + 2501. What is p(33)?
26
Let x(j) = 7*j + 148. Calculate x(-3).
127
Let q(w) = 38*w**2 - 36*w - 80. What is q(2)?
0
Let m(t) = 2*t**3 + 89*t**2 + 43*t - 11. Calculate m(-44).
33
Let j(n) = 4*n**2 - 71*n + 341. Calculate j(6).
59
Let x(y) = 497*y + 3509. What is x(-7)?
30
Let r(w) = w**3 - 11*w**2 + 26*w - 13. What is r(6)?
-37
Let d(l) = 3*l**2 + 35*l - 14. What is d(-12)?
-2
Let i(s) = -s**2 - 48*s + 1008. Give i(-53).
743
Let k(v) = 13*v**2 + 22*v - 58. Determine k(3).
125
Let i(a) = -a**3 + 239*a**2 + 5*a - 1156. Calculate i(239).
39
Let h(f) = -131*f + 691. Determine h(6).
-95
Let y(c) = 73*c - 1053. What is y(12)?
-177
Let x(f) = f**3 + 9*f**2 - 27*f - 18. Give x(-14).
-620
Let w(g) = 3*g**2 - 27*g - 20. Calculate w(10).
10
Let x(w) = 2*w**2 + 124*w - 666. What is x(5)?
4
Let c(d) = -67*d - 3782. Determine c(-57).
37
Let r(l) = 77*l - 4388. Determine r(57).
1
Let w(s) = -49*s - 321. Calculate w(-6).
-27
Let k(f) = 43*f - 490. Determine k(20).
370
Let h(y) = 45*y**3 - 53*y - 113. Give h(-2).
-367
Let l(g) = -27*g + 2864. Calculate l(105).
29
Let x(z) = -354*z + 345. Determine x(1).
-9
Let s(i) = 39*i - 3321. What is s(85)?
-6
Let h(t) = t**3 - 31*t**2 + 51*t - 406. Calculate h(30).
224
Let m(c) = -714*c + 5659. Determine m(8).
-53
Let w(l) = -2*l**3 - 22*l**2 - 45*l + 62. Give w(-8).
38
Let r(x) = -6*x - 111. Give r(16).
-207
Let k(m) = 15*m**3 + 705*m**2 + m + 46. Give k(-47).
-1
Let k(b) = 190*b**2 - 318*b + 9. What is k(2)?
133
Let f(g) = g**2 + 13*g + 24. Determine f(17).
534
Let h(x) = -x**3 - 21*x**2 + 262*x + 5288. Calculate h(-22).
8
Let q(w) = 647*w - 32993. Give q(51).
4
Let i(l) = l**3 + 3*l**2 - 28*l - 24. Calculate i(-9).
-258
Let n(i) = 6*i**2 + 603*i + 7487. Give n(-86).
5
Let l(m) = m**3 + 15*m**2 + 45*m - 4. Calculate l(-5).
21
Let o(i) = i**3 - 11*i**2 - 24*i + 337. Give o(10).
-3
Let s(x) = -7*x**3 + 609*x**2 - 4*x + 389. Determine s(87).
41
Let g(n) = n**2 + 469*n + 2784. What is g(-6)?
6
Let t(p) = 2*p**2 - 67*p - 45. What is t(35)?
60
Let h(v) = 99*v + 586. Give h(-6).
-8
Let q(l) = -l**3 + 18*l**2 + 35*l - 42. Calculate q(19).
262
Let n(z) = -z**3 - 11*z**2 - 17*z - 65. Calculate n(-11).
122
Let u(h) = 2*h**2 - 34*h - 137. Determine u(21).
31
Let p(s) = 28*s - 182. Calculate p(8).
42
Let n(o) = -28*o**2 - 523*o + 170. Calculate n(-19).
-1
Let n(t) = -4*t**3 - 62*t**2 + 28*t - 14. Calculate n(-16).
50
Let c(r) = r**2 - 25*r - 1343. Determine c(-23).
-239
Let f(x) = 1949*x + 9756. What is f(-5)?
11
Let i(n) = 14*n**2 - 28*n - 2. Calculate i(2).
-2
Let l(h) = -12*h + 202. What is l(17)?
-2
Let g(u) = -25*u**2 - 68*u + 6. Give g(2).
-230
Let q(r) = 2*r**3 + 151*r**2 + 172*r + 7269. Determine q(-75).
-6
Let h(i) = -50*i - 331. Calculate h(-7).
19
Let u(j) = -18*j**3 - j**2 - 2*j - 325. Give u(0).
-325
Let k(z) = -6*z**3 - 12*z**2 + 218*z - 42. Give k(5).
-2
Let u(t) = -2*t**3 - 13*t**2 - 15*t - 26. Determine u(-6).
28
Let u(z) = 2*z**3 - 77*z**2 - 121*z + 57. Determine u(40).
17
Let v(r) = -164*r - 10322. What is v(-63)?
10
Let b(s) = 4*s**3 + 28*s**2 + 76*s - 3. What is b(-3)?
-87
Let z(q) = -q + 19. What is z(-8)?
27
Let k(f) = -28*f + 964. Calculate k(46).
-324
Let s(c) = -697*c + 48784. Give s(70).
-6
Let x(z) = -2*z**2 + 8. Determine x(-1).
6
Let h(r) = -4*r**2 - 43*r - 20. Calculate h(-11).
-31
Let j(h) = -2*h**2 + h + 13. Calculate j(-4).
-23
Let b(s) = -309*s + 6256. Determine b(20).
76
Let m(g) = 24*g**3 - 337*g**2 - 346*g + 21. What is m(15)?
6
Let n(f) = 284*f + 863. Give n(-3).
11
Let r(i) = 63*i - 1673. Determine r(27).
28
Let d(p) = -161*p - 1614. Determine d(-10).
-4
Let h(n) = -10*n**2 + 6*n + 258. Calculate h(-5).
-22
Let g(w) = 5*w**2 - 12*w + 37. What is g(5)?
102
Let p(n) = -18*n**3 + 6*n**2 - 4*n + 7. Calculate p(2).
-121
Let i(b) = 46*b + 1197. What is i(-26)?
1
Let j(x) = x**3 - 4*x**2 + 102*x - 405. Give j(4).
3
Let d(u) = 42*u + 1124. Determine d(-27).
-10
Let v(q) = -4*q**3 + 18*q**2 + 77*q - 377. Give v(5).
-42
Let q(n) = -2*n**3 + 116*n**2 - 113*n - 70. Calculate q(57).
-13
Let r(n) = 4*n - 179. Calculate r(40).
-19
Let c(z) = z**3 + 3*z**2 + 26*z + 59. Determine c(-2).
11
Let g(j) = -5*j**2 + 1165*j - 7906. Determine g(226).
4
Let u(r) = -r**3 + 10*r**2 + 935*r - 8496. Determine u(9).
0
Let v(h) = -440*h + 3962. Determine v(9).
2
Let v(o) = o**3 + 54*o**2 - 2*o - 118. What is v(-54)?
-10
Let l(w) = -w**3 + 13*w**2 - 31*w + 18. Calculate l(3).
15
Let x(t) = -9*t**2 + 279*t + 97. Calculate x(30).
367
Let b(c) = -2*c**3 + 36*c**2 + 42*c - 97. What is b(19)?
-21
Let f(h) = -h**3 - 11*h**2 - 15*h - 83. What is f(-10)?
-33
Let n(k) = 95*k - 4925. What is n(53)?
110
Let k(f) = f**3 - 33*f**2 + 108*f + 238. Calculate k(29).
6
Let b(m) = -m**2 + m + 239. Give b(24).
-313
Let i(b) = 606*b - 10295. Determine i(17).
7
Let p(n) = -n**3 + 46*n**2 - 472*n + 11. What is p(15)?
-94
Let n(k) = -6*k + 180. Calculate n(5).
150
Let s(q) = 224*q - 12319. What is s(55)?
1
Let g(p) = p**3 - 33*p**2 + 89*p - 55. Give g(31).
782
Let j(k) = k**3 + 36*k**2 - 113*k + 201. Determine j(-39).
45
Let y(v) = v**3 - 17*v**2 + 63*v + 22. What is y(11)?
-11
Let q(a) = -7*a**2 + 3*a - 58. Give q(3).
-112
Let r(o) = -5*o**3 - 2*o**2 + 24*o + 24. Calculate r(-1).
3
Let v(s) = 2*s**2 - 54*s + 170. What is v(24)?
26
Let d(r) = 39*r + 1328. Calculate d(-48).
-544
Let p(y) = y**3 + 23*y**2 - 29*y - 108. Give p(-24).
12
Let t(l) = -81*l**2 + 405*l + 1. Calculate t(5).
1
Let v(l) = 17*l - 1073. Determine v(59).
-70
Let y(z) = -z**3 - 57*z**2 + 183*z - 89. What is y(-60)?
-269
Let o(h) = -h**3 + 37*h**2 + 40*h - 35. Determine o(38).
41
Let d(j) = 9*j + 71. What is d(17)?
224
Let q(w) = -2*w**2 - 3*w + 4. Calculate q(-11).
-205
Let i(f) = f**2 + 104*f + 1115. What is i(-12)?
11
Let v(w) = 7*w**2 - 3*w - 11. Calculate v(4).
89
Let u(q) = 15*q**2 - 1033*q - 123. Determine u(69).
15
Let n(r) = 89*r + 362. Calculate n(-5).
-83
Let y(o) = 10*o - 31. Give y(0).
-31
Let h(q) = -2*q**2 - 11*q + 5. Determine h(-6).
-1
Let i(c) = -c**3 - 11*c**2 + 45*c + 1. Calculate i(-14).
-41
Let z(k) = 66*k - 565. Calculate z(9).
29
Let v(q) = -q**3 + 7*q**2 - 3*q - 31. What is v(9)?
-220
Let t(h) = 32*h**2 + 1373*h - 135. Determine t(-43).
-6
Let h(z) = 10*z - 404. Calculate h(38).
-24
Let j(x) = x**2 - 33*x - 4988. Calculate j(-56).
-4
Let j(r) = -5*r**2 - 72*r + 16. What is j(-15)?
-29
Let m(x) = x**2 - 57*x - 131. What is m(60)?
49
Let s(j) = 51*j + 592. What is s(-18)?
-326
Let o(f) = 64*f**3 - 72*f**2 - 8*f. What is o(2)?
208
Let k(i) = -358*i - 2228. Calculate k(-6).
-80
Let y(j) = -5*j - 105. Give y(-40).
95
Let w(b) = -31*b + 1913. Give w(61).
22
Let z(o) = -16*o - 26. Determine z(-2).
6
Let c(m) = -16*m**2